
7
What is the tens digit of 993?
9
What is the hundreds digit of 6407?
4
What is the tens digit of 257?
5
What is the hundreds digit of 1308?
3
What is the thousands digit of 2309?
2
What is the tens digit of 951?
5
What is the units digit of 994?
4
What is the thousands digit of 1699?
1
What is the ten thousands digit of 97995?
9
What is the tens digit of 105?
0
What is the hundreds digit of 422?
4
What is the tens digit of 14578?
7
What is the thousands digit of 1365?
1
What is the hundreds digit of 1575?
5
What is the hundreds digit of 101084?
0
What is the hundreds digit of 507?
5
What is the hundreds digit of 6095?
0
What is the ten thousands digit of 13212?
1
What is the units digit of 84238?
8
What is the ten thousands digit of 180959?
8
What is the units digit of 2589?
9
What is the tens digit of 358?
5
What is the thousands digit of 10814?
0
What is the tens digit of 4370?
7
What is the units digit of 16628?
8
What is the hundreds digit of 257?
2
What is the hundreds digit of 1216?
2
What is the units digit of 545?
5
What is the thousands digit of 20437?
0
What is the hundreds digit of 29784?
7
What is the hundreds digit of 532?
5
What is the tens digit of 8268?
6
What is the hundreds digit of 5915?
9
What is the tens digit of 86315?
1
What is the ten thousands digit of 145202?
4
What is the thousands digit of 27677?
7
What is the hundreds digit of 49661?
6
What is the units digit of 4231?
1
What is the thousands digit of 9874?
9
What is the hundreds digit of 2001?
0
What is the hundreds digit of 45217?
2
What is the hundreds digit of 218?
2
What is the tens digit of 17781?
8
What is the thousands digit of 98627?
8
What is the thousands digit of 22915?
2
What is the tens digit of 18129?
2
What is the units digit of 65573?
3
What is the units digit of 3241?
1
What is the hundreds digit of 2296?
2
What is the units digit of 13621?
1
What is the units digit of 762?
2
What is the units digit of 4931?
1
What is the hundreds digit of 62397?
3
What is the units digit of 5455?
5
What is the ten thousands digit of 38236?
3
What is the tens digit of 24?
2
What is the tens digit of 15?
1
What is the hundreds digit of 7446?
4
What is the units digit of 1437?
7
What is the hundreds digit of 16900?
9
What is the tens digit of 4435?
3
What is the hundred thousands digit of 137976?
1
What is the tens digit of 873?
7
What is the units digit of 4033?
3
What is the thousands digit of 2112?
2
What is the hundreds digit of 2101?
1
What is the hundreds digit of 645?
6
What is the tens digit of 1805?
0
What is the ten thousands digit of 39449?
3
What is the thousands digit of 2038?
2
What is the tens digit of 8702?
0
What is the ten thousands digit of 17026?
1
What is the hundreds digit of 69247?
2
What is the thousands digit of 2359?
2
What is the thousands digit of 4945?
4
What is the thousands digit of 1529?
1
What is the tens digit of 11346?
4
What is the thousands digit of 14049?
4
What is the units digit of 1933?
3
What is the tens digit of 13513?
1
What is the thousands digit of 1190?
1
What is the units digit of 470?
0
What is the hundreds digit of 71117?
1
What is the tens digit of 2074?
7
What is the hundreds digit of 277?
2
What is the tens digit of 2042?
4
What is the hundreds digit of 15355?
3
What is the ten thousands digit of 14792?
1
What is the thousands digit of 1131?
1
What is the thousands digit of 1727?
1
What is the hundreds digit of 4108?
1
What is the ten thousands digit of 24406?
2
What is the units digit of 2746?
6
What is the units digit of 9664?
4
What is the units digit of 7062?
2
What is the hundreds digit of 671?
6
What is the tens digit of 3177?
7
What is the units digit of 750?
0
What is the units digit of 1822?
2
What is the tens digit of 5333?
3
What is the units digit of 7657?
7
What is the ten thousands digit of 86855?
8
What is the units digit of 33822?
2
What is the units digit of 1024?
4
What is the thousands digit of 6150?
6
What is the hundreds digit of 6701?
7
What is the tens digit of 541?
4
What is the units digit of 89?
9
What is the tens digit of 4237?
3
What is the thousands digit of 72804?
2
What is the units digit of 2381?
1
What is the hundreds digit of 2133?
1
What is the tens digit of 29064?
6
What is the units digit of 424?
4
What is the tens digit of 906?
0
What is the tens digit of 1327?
2
What is the hundred thousands digit of 198764?
1
What is the hundreds digit of 8343?
3
What is the units digit of 39254?
4
What is the units digit of 3190?
0
What is the ten thousands digit of 23671?
2
What is the hundreds digit of 4991?
9
What is the thousands digit of 1053?
1
What is the tens digit of 296?
9
What is the thousands digit of 12662?
2
What is the tens digit of 2124?
2
What is the tens digit of 4997?
9
What is the thousands digit of 3826?
3
What is the ten thousands digit of 24203?
2
What is the tens digit of 3117?
1
What is the units digit of 1473?
3
What is the thousands digit of 31784?
1
What is the units digit of 3704?
4
What is the units digit of 303?
3
What is the thousands digit of 9496?
9
What is the units digit of 3263?
3
What is the units digit of 42151?
1
What is the tens digit of 206?
0
What is the tens digit of 5834?
3
What is the hundreds digit of 476?
4
What is the ten thousands digit of 11933?
1
What is the thousands digit of 2299?
2
What is the tens digit of 64323?
2
What is the units digit of 87983?
3
What is the tens digit of 2018?
1
What is the hundreds digit of 1019?
0
What is the tens digit of 10971?
7
What is the tens digit of 9398?
9
What is the tens digit of 1256?
5
What is the tens digit of 8217?
1
What is the tens digit of 487?
8
What is the units digit of 984?
4
What is the units digit of 62725?
5
What is the tens digit of 1527?
2
What is the units digit of 1740?
0
What is the ten thousands digit of 112724?
1
What is the tens digit of 944?
4
What is the units digit of 42661?
1
What is the hundreds digit of 12438?
4
What is the hundreds digit of 8238?
2
What is the thousands digit of 4360?
4
What is the hundreds digit of 9897?
8
What is the thousands digit of 9578?
9
What is the tens digit of 7692?
9
What is the units digit of 2142?
2
What is the hundreds digit of 3031?
0
What is the units digit of 1000?
0
What is the thousands digit of 1839?
1
What is the tens digit of 10307?
0
What is the hundreds digit of 1270?
2
What is the hundreds digit of 3096?
0
What is the tens digit of 2056?
5
What is the hundreds digit of 21732?
7
What is the units digit of 460?
0
What is the hundreds digit of 27242?
2
What is the hundred thousands digit of 116002?
1
What is the units digit of 4299?
9
What is the units digit of 969?
9
What is the tens digit of 1126?
2
What is the hundreds digit of 17247?
2
What is the tens digit of 10799?
9
What is the units digit of 49295?
5
What is the hundreds digit of 2606?
6
What is the units digit of 557?
7
What is the ten thousands digit of 28564?
2
What is the tens digit of 37247?
4
What is the units digit of 6216?
6
What is the thousands digit of 28716?
8
What is the tens digit of 840?
4
What is the units digit of 95?
5
What is the tens digit of 19942?
4
What is the units digit of 3405?
5
What is the units digit of 148?
8
What is the units digit of 141376?
6
What is the units digit of 60366?
6
What is the ten thousands digit of 67403?
6
What is the units digit of 1671?
1
What is the tens digit of 23837?
3
What is the hundreds digit of 18067?
0
What is the units digit of 1174?
4
What is the hundreds digit of 514?
5
What is the hundreds digit of 498?
4
What is the hundreds digit of 29306?
3
What is the tens digit of 724?
2
What is the units digit of 31040?
0
What is the ten thousands digit of 18312?
1
What is the ten thousands digit of 16154?
1
What is the hundred thousands digit of 136268?
1
What is the tens digit of 1514?
1
What is the tens digit of 3684?
8
What is the thousands digit of 9788?
9
What is the thousands digit of 15264?
5
What is the hundreds digit of 1936?
9
What is the tens digit of 10136?
3
What is the tens digit of 659?
5
What is the hundreds digit of 24640?
6
What is the hundreds digit of 144183?
1
What is the ten thousands digit of 68960?
6
What is the thousands digit of 9192?
9
What is the thousands digit of 2177?
2
What is the uni